{"id":2952,"date":"2026-05-09T15:31:14","date_gmt":"2026-05-09T15:31:14","guid":{"rendered":"https:\/\/omegitimsanat.com\/?post_type=product&#038;p=2952"},"modified":"2026-05-09T15:35:58","modified_gmt":"2026-05-09T15:35:58","slug":"ingiltere-cocuk-edebiyati-kultur-turu","status":"publish","type":"product","link":"https:\/\/omegitimsanat.com\/index.php\/product\/ingiltere-cocuk-edebiyati-kultur-turu\/","title":{"rendered":"\u0130ngiltere \u00c7ocuk Edebiyat\u0131 &#038; K\u00fclt\u00fcr Turu"},"content":{"rendered":"<p>\ud83c\uddec\ud83c\udde7 \u0130NG\u0130LTERE \u2013 \u0130SKO\u00c7YA TUR PROGRAMI<br \/>\n(Edinburgh \u2013 Glasgow \u2013 York \u2013 Londra)<\/p>\n<p>\ud83d\udcc5 21 \u2013 26 A\u011fustos 2026<\/p>\n<p>\u2e3b<\/p>\n<p>\ud83d\udccd 1.\tG\u00fcn | 21 A\u011fustos \u2013 Edinburgh\u2019a Var\u0131\u015f<\/p>\n<p>* \u2708\ufe0f Edinburgh Airport\u2019ta saat 12.00\u2019de kar\u015f\u0131lama<br \/>\n* \ud83d\ude8d Edinburgh \u015fehir merkezine transfer<br \/>\n* \ud83c\udf06 Panoramik \u015fehir turu &#038; serbest zaman<br \/>\n* \u26a1 Harry Potter rotas\u0131 gezisi (Victoria Street, Greyfriars Kirkyard, Elephant House \u00e7evresi)<br \/>\n* \ud83c\udf19 Ak\u015fam saatlerinde otele transfer (\u015fehir d\u0131\u015f\u0131 konaklama)<\/p>\n<p>\u2e3b<\/p>\n<p>\ud83d\udccd 2.\tG\u00fcn | 22 A\u011fustos \u2013 Edinburgh Ke\u015ffi<\/p>\n<p>* \ud83d\ude8c Otelden Edinburgh\u2019a transfer<br \/>\n* \ud83c\udff0 Rehberli \u015fehir turu<br \/>\n* \ud83c\udfad Edinburgh Festival Fringe etkinlik alanlar\u0131nda serbest zaman<br \/>\n* \ud83d\udcda Edinburgh International Book Festival ziyareti<br \/>\n* \ud83c\udf19 Otele d\u00f6n\u00fc\u015f<\/p>\n<p>\u2e3b<\/p>\n<p>\ud83d\udccd 3.\tG\u00fcn | 23 A\u011fustos \u2013 York<br \/>\n\ud83d\udccd 3.\tG\u00fcn | 23 A\u011fustos \u2013 York<\/p>\n<p>* \ud83e\uddf3 Otelden \u00e7\u0131k\u0131\u015f<br \/>\n* \ud83c\udfad Sabah saatlerinde Edinburgh Festival Fringe alanlar\u0131nda k\u0131sa serbest zaman<br \/>\n* \ud83d\udcda Edinburgh International Book Festival ziyareti<br \/>\n* \ud83d\udd50 Ekstra \u00fccretli aktivite: Charlie Mackesy ile saat 13.00\u2019te seminer kat\u0131l\u0131m\u0131<br \/>\n* \ud83d\ude8d York\u2019a transfer<br \/>\n* \ud83c\udfdb\ufe0f \u015eehir gezisi<br \/>\n* \ud83c\udfe8 Konaklama<\/p>\n<p>\u2e3b<\/p>\n<p>\ud83d\udccd 4.\tG\u00fcn | 24 A\u011fustos \u2013 Londra\u2019ya Ge\u00e7i\u015f<\/p>\n<p>* \ud83d\ude8d Londra\u2019ya transfer<br \/>\n* \ud83c\udf06 Panoramik Londra \u015fehir turu<br \/>\n* \ud83c\udfe8 Otele yerle\u015fme (London City Airport \u00e7evresi)<\/p>\n<p>\u2e3b<\/p>\n<p>\ud83d\udccd 5.\tG\u00fcn | 25 A\u011fustos \u2013 Londra<\/p>\n<p>* \ud83c\udf06 Londra \u015fehir turu<br \/>\n* \ud83c\udfdb\ufe0f M\u00fcze gezileri &#038; serbest zaman<br \/>\n* \ud83d\udea2 Ak\u015fam saatlerinde River Thames \u00fczerinde, Big Ben ve London Eye manzaras\u0131na kar\u015f\u0131 teknede ekstra \u00fccretli e\u011flenceli ak\u015fam yeme\u011fi etkinli\u011fi<br \/>\n* \ud83c\udfe8 Konaklama<\/p>\n<p>\u2e3b<br \/>\n\ud83d\udccd6.\tG\u00fcn | 26 A\u011fustos \u2013 \u0130ngiltere K\u00f6yleri, Outlet &#038; D\u00f6n\u00fc\u015f<\/p>\n<p>* \ud83e\uddf3 Otelden \u00e7\u0131k\u0131\u015f<br \/>\n* \ud83c\udf3f\ud83d\udecd\ufe0f Ekstra \u00fccretli \u0130ngiltere k\u00f6yleri &#038; outlet turu (Cotswolds b\u00f6lgesi, \u00e7evre kasabalar ve outlet al\u0131\u015fveri\u015f molas\u0131)<br \/>\n* \ud83c\udf06 Londra \u015fehir merkezinde serbest zaman<br \/>\n* \ud83d\udd55 Saat 18.00 civar\u0131nda London Stansted Airport\u2019a transfer<br \/>\n* \u2708\ufe0f Ak\u015fam u\u00e7u\u015fu<\/p>\n<p>\u2e3b<\/p>\n<p>\u2705 Tura Dahil Olan Hizmetler<\/p>\n<p>* \ud83c\udfe8 Otel konaklamalar\u0131<br \/>\n* \ud83c\udf73 Sabah kahvalt\u0131lar\u0131<br \/>\n* \u2708\ufe0f U\u00e7ak bileti<br \/>\n* \ud83d\ude8c 5 g\u00fcnl\u00fck \u00f6zel otob\u00fcs hizmeti<br \/>\n* \ud83c\udfa4 T\u00fcrk\u00e7e tur rehberi hizmeti<br \/>\n* \ud83d\ude8d Havaliman\u0131 transferleri<br \/>\n* \ud83c\udf06 Programda belirtilen \u015fehir gezileri<\/p>\n<p>\u2e3b<\/p>\n<p>\u274c Ekstra \u00dccretli &#038; Dahil Olmayan Hizmetler<\/p>\n<p>* \ud83d\udcb3 Yurt d\u0131\u015f\u0131 \u00e7\u0131k\u0131\u015f harc\u0131<br \/>\n* \ud83d\udecd\ufe0f Ki\u015fisel harcamalar<br \/>\n* \ud83c\udf9f\ufe0f M\u00fcze ve etkinlik giri\u015f \u00fccretleri<br \/>\n* \ud83c\udf3f Ekstra \u00fccretli turlar ve aktiviteler<br \/>\n* \ud83c\udf7d\ufe0f Program d\u0131\u015f\u0131nda al\u0131nan \u00f6\u011f\u00fcnler<br \/>\n* \ud83c\udfd9\ufe0f \u015eehir vergileri<\/p>\n<p>\u2e3b<\/p>\n<p>\ud83d\udcb0 Tur \u00dccreti<\/p>\n<p>\ud83d\udcb7 Normal Kay\u0131t: 99000 TL<br \/>\n\ud83d\udd25 Erken Kay\u0131t: 85000 TL<\/p>\n<p>\ud83d\udccc Erken kay\u0131t avantaj\u0131 s\u0131n\u0131rl\u0131 kontenjan i\u00e7in ge\u00e7erlidir.<\/p>\n<p>\ud83d\udcb3 \u00d6deme kolayl\u0131\u011f\u0131:<br \/>\n3 taksit imk\u00e2n\u0131 bulunmaktad\u0131r.<\/p>\n","protected":false},"excerpt":{"rendered":"<p>\ud83c\uddec\ud83c\udde7 \u0130NG\u0130LTERE \u2013 \u0130SKO\u00c7YA TUR PROGRAMI (Edinburgh \u2013 Glasgow \u2013 York \u2013 Londra) \ud83d\udcc5 21 \u2013 26 A\u011fustos 2026 \u2e3b \ud83d\udccd 1. G\u00fcn | 21 A\u011fustos \u2013 Edinburgh\u2019a Var\u0131\u015f * \u2708\ufe0f Edinburgh Airport\u2019ta saat 12.00\u2019de kar\u015f\u0131lama * \ud83d\ude8d Edinburgh \u015fehir merkezine transfer * \ud83c\udf06 Panoramik \u015fehir turu &#038; serbest zaman * \u26a1 Harry Potter rotas\u0131 [&hellip;]<\/p>\n","protected":false},"featured_media":2953,"comment_status":"open","ping_status":"closed","template":"","meta":[],"product_cat":[70],"product_tag":[],"_links":{"self":[{"href":"https:\/\/omegitimsanat.com\/index.php\/wp-json\/wp\/v2\/product\/2952"}],"collection":[{"href":"https:\/\/omegitimsanat.com\/index.php\/wp-json\/wp\/v2\/product"}],"about":[{"href":"https:\/\/omegitimsanat.com\/index.php\/wp-json\/wp\/v2\/types\/product"}],"replies":[{"embeddable":true,"href":"https:\/\/omegitimsanat.com\/index.php\/wp-json\/wp\/v2\/comments?post=2952"}],"wp:featuredmedia":[{"embeddable":true,"href":"https:\/\/omegitimsanat.com\/index.php\/wp-json\/wp\/v2\/media\/2953"}],"wp:attachment":[{"href":"https:\/\/omegitimsanat.com\/index.php\/wp-json\/wp\/v2\/media?parent=2952"}],"wp:term":[{"taxonomy":"product_cat","embeddable":true,"href":"https:\/\/omegitimsanat.com\/index.php\/wp-json\/wp\/v2\/product_cat?post=2952"},{"taxonomy":"product_tag","embeddable":true,"href":"https:\/\/omegitimsanat.com\/index.php\/wp-json\/wp\/v2\/product_tag?post=2952"}],"curies":[{"name":"wp","href":"https:\/\/api.w.org\/{rel}","templated":true}]}}